{"id":754,"date":"2024-10-23T14:27:08","date_gmt":"2024-10-23T12:27:08","guid":{"rendered":"https:\/\/hegymaszasoktatas.hu\/?page_id=754"},"modified":"2024-10-23T14:27:08","modified_gmt":"2024-10-23T12:27:08","slug":"elerhetosegeink","status":"publish","type":"page","link":"https:\/\/hegymaszasoktatas.hu\/?page_id=754","title":{"rendered":"El\u00e9rhet\u0151s\u00e9geink"},"content":{"rendered":"<div id=\"pl-754\"  class=\"panel-layout\" ><div id=\"pg-754-0\"  class=\"panel-grid panel-no-style\" ><div id=\"pgc-754-0-0\"  class=\"panel-grid-cell\" ><div id=\"panel-754-0-0-0\" class=\"so-panel widget widget_text panel-first-child panel-last-child\" data-index=\"0\" ><h3 class=\"widget-title\">El\u00e9rhet\u0151s\u00e9geink<\/h3>\t\t\t<div class=\"textwidget\"><p>info@hegymaszasoktatas.hu<\/p>\n<p>arovado@gmail.com<\/p>\n<p>+36205609074<\/p>\n<p>M\u00e1sz\u00e1soktat\u00e1s HTSE &#8211; 2898 Kocs, Sz\u0151l\u0151hegy 2139<\/p>\n<\/div>\n\t\t<\/div><\/div><\/div><\/div>","protected":false},"excerpt":{"rendered":"<p>info@hegymaszasoktatas.hu arovado@gmail.com +36205609074 M\u00e1sz\u00e1soktat\u00e1s HTSE &#8211; 2898 Kocs, Sz\u0151l\u0151hegy 2139<\/p>\n","protected":false},"author":1,"featured_media":0,"parent":0,"menu_order":0,"comment_status":"closed","ping_status":"closed","template":"","meta":{"footnotes":""},"class_list":["post-754","page","type-page","status-publish","hentry"],"yoast_head":"<!-- This site is optimized with the Yoast SEO plugin v27.4 - https:\/\/yoast.com\/product\/yoast-seo-wordpress\/ -->\n<title>El\u00e9rhet\u0151s\u00e9geink - M\u00e1sz\u00e1soktat\u00e1s<\/title>\n<meta name=\"robots\" content=\"index, follow, max-snippet:-1, max-image-preview:large, max-video-preview:-1\" \/>\n<link rel=\"canonical\" href=\"https:\/\/hegymaszasoktatas.hu\/?page_id=754\" \/>\n<meta property=\"og:locale\" content=\"hu_HU\" \/>\n<meta property=\"og:type\" content=\"article\" \/>\n<meta property=\"og:title\" content=\"El\u00e9rhet\u0151s\u00e9geink - M\u00e1sz\u00e1soktat\u00e1s\" \/>\n<meta property=\"og:description\" content=\"info@hegymaszasoktatas.hu arovado@gmail.com +36205609074 M\u00e1sz\u00e1soktat\u00e1s HTSE - 2898 Kocs, Sz\u0151l\u0151hegy 2139\" \/>\n<meta property=\"og:url\" content=\"https:\/\/hegymaszasoktatas.hu\/?page_id=754\" \/>\n<meta property=\"og:site_name\" content=\"M\u00e1sz\u00e1soktat\u00e1s\" \/>\n<meta property=\"article:publisher\" content=\"https:\/\/www.facebook.com\/climbingeducation\/\" \/>\n<meta name=\"twitter:card\" content=\"summary_large_image\" \/>\n<meta name=\"twitter:label1\" content=\"Becs\u00fclt olvas\u00e1si id\u0151\" \/>\n\t<meta name=\"twitter:data1\" content=\"1 perc\" \/>\n<script type=\"application\/ld+json\" class=\"yoast-schema-graph\">{\"@context\":\"https:\\\/\\\/schema.org\",\"@graph\":[{\"@type\":\"WebPage\",\"@id\":\"https:\\\/\\\/hegymaszasoktatas.hu\\\/?page_id=754\",\"url\":\"https:\\\/\\\/hegymaszasoktatas.hu\\\/?page_id=754\",\"name\":\"El\u00e9rhet\u0151s\u00e9geink - M\u00e1sz\u00e1soktat\u00e1s\",\"isPartOf\":{\"@id\":\"https:\\\/\\\/hegymaszasoktatas.hu\\\/#website\"},\"datePublished\":\"2024-10-23T12:27:08+00:00\",\"breadcrumb\":{\"@id\":\"https:\\\/\\\/hegymaszasoktatas.hu\\\/?page_id=754#breadcrumb\"},\"inLanguage\":\"hu\",\"potentialAction\":[{\"@type\":\"ReadAction\",\"target\":[\"https:\\\/\\\/hegymaszasoktatas.hu\\\/?page_id=754\"]}]},{\"@type\":\"BreadcrumbList\",\"@id\":\"https:\\\/\\\/hegymaszasoktatas.hu\\\/?page_id=754#breadcrumb\",\"itemListElement\":[{\"@type\":\"ListItem\",\"position\":1,\"name\":\"Kezd\u0151lap\",\"item\":\"https:\\\/\\\/hegymaszasoktatas.hu\\\/\"},{\"@type\":\"ListItem\",\"position\":2,\"name\":\"El\u00e9rhet\u0151s\u00e9geink\"}]},{\"@type\":\"WebSite\",\"@id\":\"https:\\\/\\\/hegymaszasoktatas.hu\\\/#website\",\"url\":\"https:\\\/\\\/hegymaszasoktatas.hu\\\/\",\"name\":\"M\u00e1sz\u00e1soktat\u00e1s\",\"description\":\"Minden l\u00e9p\u00e9s tan\u00edt, minden cs\u00facs inspir\u00e1l\",\"publisher\":{\"@id\":\"https:\\\/\\\/hegymaszasoktatas.hu\\\/#organization\"},\"potentialAction\":[{\"@type\":\"SearchAction\",\"target\":{\"@type\":\"EntryPoint\",\"urlTemplate\":\"https:\\\/\\\/hegymaszasoktatas.hu\\\/?s={search_term_string}\"},\"query-input\":{\"@type\":\"PropertyValueSpecification\",\"valueRequired\":true,\"valueName\":\"search_term_string\"}}],\"inLanguage\":\"hu\"},{\"@type\":\"Organization\",\"@id\":\"https:\\\/\\\/hegymaszasoktatas.hu\\\/#organization\",\"name\":\"M\u00e1sz\u00e1soktat\u00e1s\",\"url\":\"https:\\\/\\\/hegymaszasoktatas.hu\\\/\",\"logo\":{\"@type\":\"ImageObject\",\"inLanguage\":\"hu\",\"@id\":\"https:\\\/\\\/hegymaszasoktatas.hu\\\/#\\\/schema\\\/logo\\\/image\\\/\",\"url\":\"https:\\\/\\\/hegymaszasoktatas.hu\\\/wp-content\\\/uploads\\\/2023\\\/08\\\/cropped-FullLogo_Transparent_NoBuffer.png\",\"contentUrl\":\"https:\\\/\\\/hegymaszasoktatas.hu\\\/wp-content\\\/uploads\\\/2023\\\/08\\\/cropped-FullLogo_Transparent_NoBuffer.png\",\"width\":1279,\"height\":1043,\"caption\":\"M\u00e1sz\u00e1soktat\u00e1s\"},\"image\":{\"@id\":\"https:\\\/\\\/hegymaszasoktatas.hu\\\/#\\\/schema\\\/logo\\\/image\\\/\"},\"sameAs\":[\"https:\\\/\\\/www.facebook.com\\\/climbingeducation\\\/\"]}]}<\/script>\n<!-- \/ Yoast SEO plugin. -->","yoast_head_json":{"title":"El\u00e9rhet\u0151s\u00e9geink - M\u00e1sz\u00e1soktat\u00e1s","robots":{"index":"index","follow":"follow","max-snippet":"max-snippet:-1","max-image-preview":"max-image-preview:large","max-video-preview":"max-video-preview:-1"},"canonical":"https:\/\/hegymaszasoktatas.hu\/?page_id=754","og_locale":"hu_HU","og_type":"article","og_title":"El\u00e9rhet\u0151s\u00e9geink - M\u00e1sz\u00e1soktat\u00e1s","og_description":"info@hegymaszasoktatas.hu arovado@gmail.com +36205609074 M\u00e1sz\u00e1soktat\u00e1s HTSE - 2898 Kocs, Sz\u0151l\u0151hegy 2139","og_url":"https:\/\/hegymaszasoktatas.hu\/?page_id=754","og_site_name":"M\u00e1sz\u00e1soktat\u00e1s","article_publisher":"https:\/\/www.facebook.com\/climbingeducation\/","twitter_card":"summary_large_image","twitter_misc":{"Becs\u00fclt olvas\u00e1si id\u0151":"1 perc"},"schema":{"@context":"https:\/\/schema.org","@graph":[{"@type":"WebPage","@id":"https:\/\/hegymaszasoktatas.hu\/?page_id=754","url":"https:\/\/hegymaszasoktatas.hu\/?page_id=754","name":"El\u00e9rhet\u0151s\u00e9geink - M\u00e1sz\u00e1soktat\u00e1s","isPartOf":{"@id":"https:\/\/hegymaszasoktatas.hu\/#website"},"datePublished":"2024-10-23T12:27:08+00:00","breadcrumb":{"@id":"https:\/\/hegymaszasoktatas.hu\/?page_id=754#breadcrumb"},"inLanguage":"hu","potentialAction":[{"@type":"ReadAction","target":["https:\/\/hegymaszasoktatas.hu\/?page_id=754"]}]},{"@type":"BreadcrumbList","@id":"https:\/\/hegymaszasoktatas.hu\/?page_id=754#breadcrumb","itemListElement":[{"@type":"ListItem","position":1,"name":"Kezd\u0151lap","item":"https:\/\/hegymaszasoktatas.hu\/"},{"@type":"ListItem","position":2,"name":"El\u00e9rhet\u0151s\u00e9geink"}]},{"@type":"WebSite","@id":"https:\/\/hegymaszasoktatas.hu\/#website","url":"https:\/\/hegymaszasoktatas.hu\/","name":"M\u00e1sz\u00e1soktat\u00e1s","description":"Minden l\u00e9p\u00e9s tan\u00edt, minden cs\u00facs inspir\u00e1l","publisher":{"@id":"https:\/\/hegymaszasoktatas.hu\/#organization"},"potentialAction":[{"@type":"SearchAction","target":{"@type":"EntryPoint","urlTemplate":"https:\/\/hegymaszasoktatas.hu\/?s={search_term_string}"},"query-input":{"@type":"PropertyValueSpecification","valueRequired":true,"valueName":"search_term_string"}}],"inLanguage":"hu"},{"@type":"Organization","@id":"https:\/\/hegymaszasoktatas.hu\/#organization","name":"M\u00e1sz\u00e1soktat\u00e1s","url":"https:\/\/hegymaszasoktatas.hu\/","logo":{"@type":"ImageObject","inLanguage":"hu","@id":"https:\/\/hegymaszasoktatas.hu\/#\/schema\/logo\/image\/","url":"https:\/\/hegymaszasoktatas.hu\/wp-content\/uploads\/2023\/08\/cropped-FullLogo_Transparent_NoBuffer.png","contentUrl":"https:\/\/hegymaszasoktatas.hu\/wp-content\/uploads\/2023\/08\/cropped-FullLogo_Transparent_NoBuffer.png","width":1279,"height":1043,"caption":"M\u00e1sz\u00e1soktat\u00e1s"},"image":{"@id":"https:\/\/hegymaszasoktatas.hu\/#\/schema\/logo\/image\/"},"sameAs":["https:\/\/www.facebook.com\/climbingeducation\/"]}]}},"featured_media_urls":[],"_links":{"self":[{"href":"https:\/\/hegymaszasoktatas.hu\/index.php?rest_route=\/wp\/v2\/pages\/754","targetHints":{"allow":["GET"]}}],"collection":[{"href":"https:\/\/hegymaszasoktatas.hu\/index.php?rest_route=\/wp\/v2\/pages"}],"about":[{"href":"https:\/\/hegymaszasoktatas.hu\/index.php?rest_route=\/wp\/v2\/types\/page"}],"author":[{"embeddable":true,"href":"https:\/\/hegymaszasoktatas.hu\/index.php?rest_route=\/wp\/v2\/users\/1"}],"replies":[{"embeddable":true,"href":"https:\/\/hegymaszasoktatas.hu\/index.php?rest_route=%2Fwp%2Fv2%2Fcomments&post=754"}],"version-history":[{"count":1,"href":"https:\/\/hegymaszasoktatas.hu\/index.php?rest_route=\/wp\/v2\/pages\/754\/revisions"}],"predecessor-version":[{"id":755,"href":"https:\/\/hegymaszasoktatas.hu\/index.php?rest_route=\/wp\/v2\/pages\/754\/revisions\/755"}],"wp:attachment":[{"href":"https:\/\/hegymaszasoktatas.hu\/index.php?rest_route=%2Fwp%2Fv2%2Fmedia&parent=754"}],"curies":[{"name":"wp","href":"https:\/\/api.w.org\/{rel}","templated":true}]}}